
2
Let m(y) = -8*y - 48. Let c be m(5). Let p = 149 + c. Suppose p*r + 22 = 63*r. What is the tens digit of r?
1
Let a(h) = 21*h - 40. Let u be a(2). What is the units digit of (u*88/(-20))/(1/(-20))?
6
Let c(s) = s**3 - 71*s**2 - 53*s + 663. What is the hundreds digit of c(73)?
4
Let o = 90357 - 40460. What is the ten thousands digit of o?
4
Let o be 1/(-2*(-1)/36). Suppose 0 = -y + 19 - o. What is the tens digit of (-259)/(-2) + y + 6/(-4)?
2
Let w be 5/(15/9) - 30. Let s = -25 - w. Suppose 0 = -4*r - 2*o + 127 + 167, 0 = -3*r + s*o + 231. What is the units digit of r?
5
Let o(s) = 142*s - 1148. What is the thousands digit of o(31)?
3
Let k(j) = 21*j - 74. Let t be k(4). What is the hundreds digit of 1 + 376*2 - (t + -8)?
7
Let y(h) = h**3 - 15*h**2 - 15*h - 6. Let i be y(16). Let a(w) = 17*w**2 - 63*w - 7. What is the units digit of a(i)?
3
Let c(y) = -99*y - 395. What is the tens digit of c(-5)?
0
Let c(f) = -3 + 0*f - 2 - 3 - 6*f. Let k(i) = 7*i + 9. Let t(a) = -6*c(a) - 7*k(a). What is the tens digit of t(-13)?
5
Let w be ((-18)/15)/((-24)/40). Suppose -w*v + 3*u + 171 + 422 = 0, -4*u - 887 = -3*v. What is the hundreds digit of v?
2
Let y(g) = 2*g**3 - 7*g**2 + 6*g - 6. Suppose 0 = -3*v - 3*l + 276, 4*v - 188 = l + 190. Let t = -90 + v. What is the units digit of y(t)?
4
Let m(g) = 2215*g**2 - 48*g + 148. What is the units digit of m(4)?
6
What is the hundreds digit of (4/(-10)*-1)/((-410)/(-58264075))?
8
Suppose -4*v = -5*n + 80 + 23046, -2*v - 4618 = -n. What is the thousands digit of n?
4
Let h(i) = 14*i + 34*i**3 - 5*i + 2*i - 5*i. What is the units digit of h(2)?
4
Suppose -4*j + 24 = s, 3*j = -s - 2 + 22. What is the tens digit of 32/s*(-5)/((-5)/114)?
5
Suppose 7*p = 138 - 33. What is the hundreds digit of (-7 + -8)/(p/(-1010))?
0
Suppose 1454108 = 296*m - 1062765 - 1136655. What is the tens digit of m?
4
Let t(x) = -6*x**2 + 21*x + 3. Let f be t(3). Let n(q) = 38*q - 19. What is the hundreds digit of n(f)?
4
Let u(j) = 7436*j**3 + j**2 - 9*j + 7. What is the tens digit of u(1)?
3
Let p(v) = 9*v**2 + 266*v + 46. What is the tens digit of p(22)?
5
Let u = -9334 + 14894. Suppose -39*i = -34*i - u. What is the units digit of i?
2
Let g = 115 + 119. Suppose -7*j + 16*j = -g. What is the hundreds digit of (29 + -1)/((-82)/j + -3)?
1
Let u = 13121 - -761. What is the ten thousands digit of u?
1
Let x = 5 + -2. Suppose -s - g + 3*g + 459 = 0, -2*s - x*g = -939. Suppose 0 = 4*d - 4*u - 372, -5*d + u + s = -u. What is the units digit of d?
3
Let i = -3 + 6. Let z be i + (3/(-2))/((-3)/390). What is the units digit of 6/(-9)*z/(-4)?
3
Let j(n) = 77*n - 537. Let p be j(7). Let h(m) = 58*m - 3 - 20*m + 16*m. What is the units digit of h(p)?
5
Let a = 63759 + -41499. What is the hundreds digit of a?
2
What is the ten thousands digit of ((-14)/(84/(-174)) + 0/2)*463?
1
Let f = -79 - -131. Let j = f - 41. Suppose j + 133 = p. What is the tens digit of p?
4
Let m(x) = 14*x**2 - 76*x - 95. What is the units digit of m(18)?
3
Suppose -3*x + 91956 = -3*l, -4*l = 5*x - 81044 - 72180. What is the ten thousands digit of x?
3
Suppose -113 - 22 = -3*j. Let t be ((-12)/15)/((-3)/j*-6). What is the hundreds digit of 678*2/(14 + t)?
1
Let i(d) = -4*d + 3525. What is the thousands digit of i(6)?
3
Suppose -262*u + 3*m = -258*u - 158785, -4*u + 158761 = 5*m. What is the tens digit of u?
9
Let v(j) = -j**3 + 102*j**2 + 173*j - 526. What is the thousands digit of v(102)?
7
Suppose -5*t - 4*p + 5 = 0, 0 = 4*p - 7 - 13. Let v(y) = 6*y - 4. Let a be v(t). Let z = 38 + a. What is the tens digit of z?
1
What is the tens digit of -12 + (-21056)/(-49) + (-6)/(-21)?
1
Suppose 250 = 6*p - p. Let r = 46 - p. What is the tens digit of 4 + (-4 - (-103 - r))?
9
What is the tens digit of (-24)/(-8) + 741 + -17?
2
Suppose 0 = 14*s - 2152 - 858. What is the tens digit of s?
1
Suppose 3*a - 5*o - 29148 = 0, -23*a = -25*a - 2*o + 19464. What is the thousands digit of a?
9
What is the tens digit of (2 - (-3)/(-2)) + 7*601578/252?
1
Suppose 0 = 5*d - 15, d + 2*d - 1 = 4*t. Suppose 3*s + t*v + 154 = -165, s = 3*v - 121. Let r = s + 212. What is the hundreds digit of r?
1
Let l(y) = -16*y**3 + 19*y**2 - y - 5. What is the tens digit of l(-4)?
2
Suppose 3*a = -13*a + 96. Let h(c) = 18*c + 64. What is the tens digit of h(a)?
7
Let y(v) = -28*v + 163. Let r be y(-10). Let c = r - 24. What is the units digit of c?
9
Let k(n) = 7*n**3 - 25*n**2 - n + 20. Let v(p) = 13*p**3 - 49*p**2 - p + 41. Let y(t) = 11*k(t) - 6*v(t). What is the hundreds digit of y(14)?
8
Let r = 8307 - -6771. What is the ten thousands digit of r?
1
Suppose 3*o - 7*o = -80. Let k(g) = 13*g + 56. Let x be k(o). What is the tens digit of (-14)/(-35) + x/10?
3
Suppose w = -2*h + 98, 7*h - 2*h - 2*w - 245 = 0. Let s = h - 38. What is the units digit of s?
1
Suppose -z - 2*t + 11201 = 0, 2*z - z = -t + 11198. What is the tens digit of z?
9
Let d be 1*(1 - 4)*(-2 + 1). Suppose -k - d*o - 4225 = -6*k, -3412 = -4*k - 4*o. What is the tens digit of k?
4
Let w(o) = o**3 + 7*o**2 + 23*o + 5. Let q be w(11). Suppose 8*l = 1052 + q. What is the hundreds digit of l?
4
Suppose -4*f + 5*c + 131 + 27 = 0, 0 = -4*c + 8. Suppose 32*x + 5160 = f*x. What is the hundreds digit of x?
5
Suppose j + 2*q - 26783 = 0, -13*j - 26819 = -14*j + 4*q. What is the ten thousands digit of j?
2
Let y(c) be the first derivative of -c**2 - 33*c + 10. Let x be y(-19). Suppose -166 = -x*u - 26. What is the units digit of u?
8
Let b be ((-441)/15)/(-7)*5. Suppose -21 + b = 4*u. What is the units digit of (-2)/(-6)*(217 + (u - -2))?
3
Suppose 10*u = 8*u - 2*j - 982, 2*u = 5*j - 1017. Let c = u - -1037. What is the units digit of c?
1
Let u(c) = -c**2 - 19*c - 46. Let r be u(-17). Let g(d) = -13*d + 60. What is the hundreds digit of g(r)?
2
Suppose 0*b - 15062 = -5*q - 3*b, -3*q = -2*b - 9041. Suppose 0 = -3*r + 5*z + q, 20*z + 3017 = 3*r + 16*z. What is the hundreds digit of r?
0
Let l be 9 - (3 - (4607 - 5)). Suppose -332*b - l = -338*b. What is the tens digit of b?
6
Let u be 6 + (-7 + -59)*1. What is the units digit of 225/u*544/(-6)?
0
Suppose -54*b + 3829 = -53*b - 3*f, 2*b - 7693 = -f. What is the thousands digit of b?
3
Let p = 824 + -640. Let i = 6 - 4. Suppose -3*l - 2*m + p = i*m, -3*m - 83 = -l. What is the units digit of l?
8
Let f(j) be the second derivative of -j**4/12 + 10*j**3/3 + 35*j**2/2 + 3*j - 4. Suppose 9*t = 178 - 34. What is the units digit of f(t)?
9
Suppose -2*v + y - 4 = 3*y, 0 = 2*v - 2*y - 12. Suppose 914 = 2*o + 3*q, -4*o - 74 + 1894 = v*q. What is the units digit of o?
4
Let d be ((-168)/210)/((-3)/((-210)/(-4))). Suppose 44 = -d*r + 3*r. What is the hundreds digit of 0/3 - r - (-296)/2?
1
Let w be 800/15*(-12)/(-10). Suppose 654 = 5*x + w. What is the tens digit of x?
1
Let g(v) = -7*v + 102. Let z be g(7). Suppose 0 = z*w - 43022 - 3406. What is the tens digit of w?
7
What is the units digit of (-1662)/(0 + 1 + 48/(-40))?
0
Let b be (4/(-3))/(6/(-9)). Let n(y) = -y + 300. Let s be n(-2). Suppose -298 = -b*l - c, -2*l + 4*l + 3*c - s = 0. What is the tens digit of l?
4
Suppose 0 = -15*m + 160792 - 39367. What is the hundreds digit of m?
0
Let q be (6*-1)/((-12)/(-12)). What is the hundreds digit of 3249/q*(-40)/60?
3
Suppose o + 10*w - 6*w = -2, 4*o = -3*w - 8. What is the tens digit of 717 - o*(0 - (-3)/(-6))?
1
Let r(g) = g**3 + 14*g**2 - 25*g - 89. What is the units digit of r(-14)?
1
Suppose -783613 = -184*y + 3599595 + 787008. What is the units digit of y?
9
Let b = -329 + 538. Suppose -2*p + 1127 = b. Suppose 5*q + 49 = p. What is the tens digit of q?
8
Suppose -214977 = -12*d + 25407. What is the tens digit of d?
3
Suppose 21215 = a - 5*b, 47*a - 46*a = -b + 21269. What is the ten thousands digit of a?
2
Let b(d) = -5*d**2 + 27*d - 12. Let h be b(5). What is the tens digit of h/19 - 7034/(-38)?
8
What is the thousands digit of 36720/(-30)*52/(-6)?
0
Suppose -12*h - 24373 = -35946 - 57007. What is the thousands digit of h?
5
What is the tens digit of ((-6)/2 + (-2)/(-2))*3463733/(-442)?
7
Suppose 2*l - 108 = 4*c, -2*c - l - 53 - 5 = 0. Let k = 25 + c. What is the hundreds digit of 167 + 15/10*(-8)/k?
1
Let f = 451 - 964. Let d = f - -992. What is the hundreds digit of d?
4
Suppose 4*a - 1386 = -5*t, 0*t - 5*a + 568 